e factors of 2753.
2753
What are the prime factors of 31023?
3, 383
List the prime factors of 7420.
2, 5, 7, 53
List the prime factors of 100298.
2, 11, 47, 97
List the prime factors of 617.
617
List the prime factors of 2917.
2917
List the prime factors of 7073.
11, 643
List the prime factors of 1210.
2, 5, 11
What are the prime factors of 1964?
2, 491
What are the prime factors of 415?
5, 83
List the prime factors of 55712.
2, 1741
List the prime factors of 926.
2, 463
What are the prime factors of 6016?
2, 47
What are the prime factors of 3461?
3461
List the prime factors of 7374.
2, 3, 1229
List the prime factors of 1743.
3, 7, 83
List the prime factors of 1520.
2, 5, 19
What are the prime factors of 2381?
2381
What are the prime factors of 50434?
2, 151, 167
What are the prime factors of 20291?
103, 197
List the prime factors of 3536.
2, 13, 17
List the prime factors of 7202.
2, 13, 277
What are the prime factors of 17517?
3, 5839
What are the prime factors of 382?
2, 191
What are the prime factors of 773?
773
List the prime factors of 2309.
2309
What are the prime factors of 10989?
3, 11, 37
List the prime factors of 1115.
5, 223
What are the prime factors of 83526?
2, 3, 13921
What are the prime factors of 21207?
3, 7069
List the prime factors of 1093.
1093
What are the prime factors of 134361?
3, 14929
List the prime factors of 4532.
2, 11, 103
What are the prime factors of 1239?
3, 7, 59
What are the prime factors of 151?
151
List the prime factors of 18407.
79, 233
List the prime factors of 51010.
2, 5, 5101
What are the prime factors of 82697?
41, 2017
List the prime factors of 9638.
2, 61, 79
List the prime factors of 26454.
2, 3, 4409
What are the prime factors of 8636?
2, 17, 127
What are the prime factors of 3429?
3, 127
List the prime factors of 21960.
2, 3, 5, 61
List the prime factors of 20380.
2, 5, 1019
What are the prime factors of 1664?
2, 13
List the prime factors of 1510.
2, 5, 151
What are the prime factors of 3082?
2, 23, 67
What are the prime factors of 1070?
2, 5, 107
List the prime factors of 5498.
2, 2749
List the prime factors of 100139.
13, 7703
List the prime factors of 53607.
3, 107, 167
List the prime factors of 79477.
19, 47, 89
List the prime factors of 47284.
2, 11821
What are the prime factors of 47889?
3, 17, 313
What are the prime factors of 1053?
3, 13
What are the prime factors of 626?
2, 313
What are the prime factors of 1038?
2, 3, 173
List the prime factors of 2923.
37, 79
List the prime factors of 4518.
2, 3, 251
List the prime factors of 26680.
2, 5, 23, 29
List the prime factors of 16157.
107, 151
What are the prime factors of 21627?
3, 89
List the prime factors of 1163.
1163
List the prime factors of 14125.
5, 113
What are the prime factors of 405?
3, 5
What are the prime factors of 26631?
3, 11, 269
What are the prime factors of 5462?
2, 2731
List the prime factors of 1295.
5, 7, 37
List the prime factors of 49404.
2, 3, 23, 179
What are the prime factors of 13180?
2, 5, 659
List the prime factors of 65201.
113, 577
What are the prime factors of 186227?
186227
List the prime factors of 769.
769
What are the prime factors of 16656?
2, 3, 347
List the prime factors of 522.
2, 3, 29
List the prime factors of 2895.
3, 5, 193
What are the prime factors of 13843?
109, 127
List the prime factors of 102592.
2, 7, 229
What are the prime factors of 2288?
2, 11, 13
List the prime factors of 9460.
2, 5, 11, 43
List the prime factors of 1172.
2, 293
What are the prime factors of 9153?
3, 113
List the prime factors of 357.
3, 7, 17
List the prime factors of 2416.
2, 151
What are the prime factors of 2405?
5, 13, 37
What are the prime factors of 18860?
2, 5, 23, 41
List the prime factors of 1715.
5, 7
List the prime factors of 8323.
7, 29, 41
What are the prime factors of 32287?
83, 389
What are the prime factors of 19?
19
What are the prime factors of 1889?
1889
List the prime factors of 3139.
43, 73
List the prime factors of 1228.
2, 307
List the prime factors of 17323.
17, 1019
What are the prime factors of 953?
953
List the prime factors of 811.
811
List the prime factors of 19379.
19379
List the prime factors of 8993.
17, 23
What are the prime factors of 1038?
2, 3, 173
List the prime factors of 33286.
2, 11, 17, 89
What are the prime factors of 3254?
2, 1627
What are the prime factors of 20053?
11, 1823
List the prime factors of 10939.
10939
What are the prime factors of 2916?
2, 3
What are the prime factors of 3236?
2, 809
List the prime factors of 5954.
2, 13, 229
List the prime factors of 6254.
2, 53, 59
List the prime factors of 4055.
5, 811
What are the prime factors of 518?
2, 7, 37
List the prime factors of 3306.
2, 3, 19, 29
List the prime factors of 17930.
2, 5, 11, 163
List the prime factors of 36179.
11, 13, 23
What are the prime factors of 8770?
2, 5, 877
What are the prime factors of 56?
2, 7
What are the prime factors of 2778?
2, 3, 463
List the prime factors of 6930.
2, 3, 5, 7, 11
What are the prime factors of 486?
2, 3
What are the prime factors of 26300?
2, 5, 263
What are the prime factors of 5765?
5, 1153
List the prime factors of 3341.
13, 257
What are the prime factors of 3720?
2, 3, 5, 31
List the prime factors of 26931.
3, 47, 191
List the prime factors of 234.
2, 3, 13
What are the prime factors of 1230?
2, 3, 5, 41
List the prime factors of 688.
2, 43
List the prime factors of 13479.
3, 4493
List the prime factors of 8133.
3, 2711
List the prime factors of 305.
5, 61
What are the prime factors of 7084?
2, 7, 11, 23
List the prime factors of 989.
23, 43
List the prime factors of 47462.
2, 19, 1249
What are the prime factors of 3318?
2, 3, 7, 79
List the prime factors of 6339.
3, 2113
List the prime factors of 1423.
1423
What are the prime factors of 69425?
5, 2777
What are the prime factors of 8872?
2, 1109
List the prime factors of 66.
2, 3, 11
What are the prime factors of 37543?
11, 3413
List the prime factors of 1176.
2, 3, 7
What are the prime factors of 22449?
3, 7, 1069
What are the prime factors of 71031?
3, 23677
What are the prime factors of 994?
2, 7, 71
What are the prime factors of 1640?
2, 5, 41
What are the prime factors of 6622?
2, 7, 11, 43
List the prime factors of 120593.
11, 19, 577
List the prime factors of 84302.
2, 61, 691
List the prime factors of 2265.
3, 5, 151
What are the prime factors of 408?
2, 3, 17
List the prime factors of 2250.
2, 3, 5
List the prime factors of 2015.
5, 13, 31
What are the prime factors of 4501?
7, 643
What are the prime factors of 121487?
121487
What are the prime factors of 14254?
2, 7127
List the prime factors of 135146.
2, 11, 6143
List the prime factors of 64.
2
List the prime factors of 25599.
3, 7, 23, 53
What are the prime factors of 4779?
3, 59
List the prime factors of 62969.
62969
List the prime factors of 15955.
5, 3191
List the prime factors of 5567.
19, 293
List the prime factors of 3350.
2, 5, 67
What are the prime factors of 1110?
2, 3, 5, 37
What are the prime factors of 5063?
61, 83
List the prime factors of 32527.
11, 2957
List the prime factors of 1348.
2, 337
What are the prime factors of 4289?
4289
What are the prime factors of 316?
2, 79
What are the prime factors of 708?
2, 3, 59
List the prime factors of 1074.
2, 3, 179
List the prime factors of 7495.
5, 1499
What are the prime factors of 354?
2, 3, 59
List the prime factors of 8947.
23, 389
What are the prime factors of 543?
3, 181
List the prime factors of 9565.
5, 1913
What are the prime factors of 36901?
36901
What are the prime factors of 5706?
2, 3, 317
What are the prime factors of 121?
11
List the prime factors of 1232.
2, 7, 11
What are the prime factors of 1401?
3, 467
List the prime factors of 1043.
7, 149
What are the prime factors of 142615?
5, 11, 2593
List the prime factors of 18869.
18869
List the prime factors of 21225.
3, 5, 283
What are the prime factors of 5402?
2, 37, 73
List the prime factors of 129.
3, 43
List the prime factors of 406.
2, 7, 29
List the prime factors of 2277.
3, 11, 23
List the prime factors of 426.
2, 3, 71
List the prime factors of 4592.
2, 7, 41
What are the prime factors of 474?
2, 3, 79
What are the prime factors of 3323?
3323
What are the prime factors of 16346?
2, 11, 743
List the prime factors of 2211